at is the hundreds digit of l?
3
What is the ten thousands digit of -3 + 3 - (48/(-96))/(2/44708)?
1
Let c be 65522/12 + (-23)/138. Suppose 401*a = 408*a - c. What is the tens digit of a?
8
Let c(w) = -6*w**3 - 14*w**2 + 87*w - 166. What is the ten thousands digit of c(-18)?
2
Let s(a) = -5761*a + 637. What is the hundreds digit of s(-1)?
3
Suppose -22*j + 18784 = 4286. Let n = j + -404. What is the tens digit of n?
5
Let o = -208 + -1252. Let l = 2074 + o. What is the units digit of l?
4
Let c(r) = 116*r**2 - 3*r - 1163. What is the thousands digit of c(19)?
0
Let t be ((-16)/(-22))/(6/33). Suppose 18*m - 14*m = -t, 4*w - 989 = -3*m. What is the hundreds digit of w?
2
Let y = -1988 + 3357. What is the units digit of y?
9
Let x(w) = -w**3 - 10*w**2 + 17*w + 167. What is the units digit of x(-35)?
7
Let r(y) = -634*y + 128. Let w(j) = 626*j - 127. Let a(d) = 6*r(d) + 7*w(d). What is the units digit of a(3)?
3
Suppose 2*h - 4*m - 3884 = 0, -2*h + 2*m + 5663 = 1783. What is the thousands digit of h?
1
Let w = 18867 + -11359. What is the hundreds digit of w?
5
Let w = -29 - -32. Suppose 18 - 4 = a + w*c, 0 = 3*c + 3. Let s = a + 25. What is the units digit of s?
2
Suppose -3*c - 51*x = -54*x - 58158, 5*x = -2*c + 38772. What is the units digit of c?
6
Let v = 34 + -33. Let r be (-3 - v)*2*2/(-4). Suppose 3*b = r*b - 15. What is the units digit of b?
5
Let m(y) = -3579*y**3 - 3*y**2 + y + 3. What is the tens digit of m(-1)?
7
Suppose -12*b - 277 = 155. What is the units digit of 1182/4*b/(-27)?
4
Let d be (-10)/95 - (2 + 156/(-38)). What is the thousands digit of 94180/80 - d/8?
1
Suppose 32*z = 33*z - 431. Suppose z*n + 13640 = 439*n. What is the tens digit of n?
0
Suppose 0 = -2*p - 9*m + 16909, -16917 = 32*p - 34*p - m. What is the units digit of p?
9
Suppose 2*n + 5*i - 9 = 17, -5*i + 23 = n. Suppose -3*v = -2*v + n. What is the units digit of 8/1 - (v/(-1))/1?
5
Let b = -86 + 84. Let j be 3*b*(3 + 15/(-6)). What is the units digit of 2/7 - ((-7590)/42 + j)?
4
Suppose -204 = 2*d + 430. Let o = d + 478. What is the tens digit of o?
6
Let z(q) = -2586*q - 665. What is the hundreds digit of z(-3)?
0
Let m(y) = y**2 - 4*y - 16. Let b(v) = -2*v - 55. Let s be b(-26). Let z be m(s). Suppose 0 = 5*p, -q + 4*q = -z*p + 81. What is the tens digit of q?
2
Suppose -4*k + 26 = -y, -2*k - 3*k - 4*y = -22. Let l(w) = 3*w**3 - 7*w**2 - 4*w - 12. What is the units digit of l(k)?
0
Let f = -2293 + 7370. What is the hundreds digit of f?
0
Let l(f) = -2*f + 14. Let i be l(5). What is the hundreds digit of 15/10*i - -129?
1
Let w(i) = -i**3 + 16*i**2 + 35*i + 18. Let d be w(18). What is the hundreds digit of (d - (-6)/(-9))/((-2)/369)?
1
Let x = -3150 - -7444. What is the units digit of x?
4
Suppose -17*b + 187 = -6*b. Let l(w) = 15*w - b + 17 + 12. What is the tens digit of l(3)?
5
Suppose 3*l - 27 = -2*k, 6*l - 8*l = -k + 3. Suppose 1767 = k*j - 7323. What is the units digit of j?
0
Suppose -5*z + 1 = 1. Suppose -5*p - 425 - 383 = -3*r, z = -r + 2*p + 270. What is the units digit of r?
6
Suppose l - 4*v - v = -12, 0 = 5*l - 3*v - 28. Let d(k) = k**3 - 9*k**2 + 7*k + 10. Let o be d(l). What is the units digit of 42 + 2*(o - 3)?
0
Suppose -4*c = -13 + 1. Let v(m) = 3*m**2 - 100*m + 296. Let x be v(38). Suppose x = 7*f - c*f. What is the units digit of f?
7
Suppose 0 = s - v - 16244, -173*v + 172*v + 16250 = s. What is the units digit of s?
7
Suppose -20 = 4*v, -2*v = -4*z + 9*z + 7355. Let f = z - -2556. What is the hundreds digit of f?
0
Let n(y) = -2*y**2 - 84*y - 100. What is the hundreds digit of n(-9)?
4
Let v be (-1 - 1)/(63/(-63)). Let o(y) = 61*y**3 - y**2 - 2*y. Let b be o(2). Suppose a + a + n = 313, 3*a = v*n + b. What is the tens digit of a?
5
Let l be (26/13 - 4)/((-2)/2015). Let k = 3463 - l. What is the thousands digit of k?
1
Let x(a) = -4 + 20*a**3 - 2*a**2 - 21*a + 6*a**2 + 3*a**2 + 12*a. What is the hundreds digit of x(2)?
1
What is the thousands digit of ((106060/(-3))/(-20))/((-4)/(-36))?
5
Suppose 5*c = 3*j + 25109, -19*c - 4*j + 25088 = -14*c. What is the units digit of c?
0
What is the units digit of 23762531/559 + (-1 - 4)?
4
Let u be (0 - 1 - -2)*18. Let t be (-13)/(13/3) - -149. Suppose 0 = -v - u + t. What is the tens digit of v?
2
Let u(g) = -2*g - 19. Let m be u(-8). Let w be (20/m + -4)*6. Let v = 87 + w. What is the units digit of v?
3
Suppose -4*n + 77419 = -3*q, -92*n + 94*n + 5*q = 38677. What is the ten thousands digit of n?
1
What is the ten thousands digit of (1/6 - 1) + 19377400/1200?
1
Let f = 16761 + -6175. What is the tens digit of 69/(-115) + f/10?
5
Suppose -701*c + 469980 = -596*c. What is the hundreds digit of c?
4
Let x be 3/((-3)/((-3 + 5)/(-2))). Suppose -b - 2*r + 52 = 0, x - 53 = -b - 5*r. What is the tens digit of b?
5
Suppose a + 3 = -3*c - 5, -7 = 2*a + 3*c. Suppose 5*u = -4*y + 177, 0*u - a = -u. What is the units digit of y?
3
Suppose 2*j - 20 - 6 = 0. Let h(r) = 19*r - 12. Let c be h(j). Let a = 342 - c. What is the hundreds digit of a?
1
Suppose -11*v - v = -396. Let g be -61*(36/(-44) + (-6)/v). Let k = 62 + g. What is the tens digit of k?
2
Let f(r) = -18 + 20 - 5*r**2 + 545*r**3 + 2*r**2. Let g be f(1). Let u = 763 - g. What is the tens digit of u?
1
Suppose 0 = 3*f - 6, 0 = o - 6*o + 2*f + 101. Suppose 0 = -o*s + 53*s - 23200. What is the hundreds digit of s?
7
Suppose 6*k - k = -2*p + 109920, p - 4*k - 54999 = 0. What is the ten thousands digit of p?
5
Suppose 2449*d - 2450*d + 15534 = 0. What is the hundreds digit of d?
5
Let d(h) = 534*h - 7129. What is the units digit of d(61)?
5
Let x = -23421 + 44753. What is the hundreds digit of x?
3
Let n(o) = -1267*o - 16*o**2 + 44 + 174*o**2 + 1247*o. What is the tens digit of n(2)?
3
Suppose -2*p = -s - 3*s + 58, s - p = 14. Suppose -19*n + s*n + 2348 = 0. What is the units digit of n?
7
Let s(y) = 8*y + 120. Let f be s(-15). Suppose 47*j - 41*j - 4086 = f. What is the units digit of j?
1
Suppose -40*v + 432257 + 10598 + 46865 = 0. What is the ten thousands digit of v?
1
Let m(p) = -58*p + 32. Let o be m(-3). Let s(b) = b**3 + 11*b**2 + 9*b - 2. Let v be s(-8). Let k = o - v. What is the units digit of k?
8
Let i = 11 - 8. Suppose -2*x = i*f + 34, -32 = 2*f + 2*f - 4*x. What is the units digit of ((-32)/f - 2)/(3/250)?
0
Suppose 34*h = 96*h - 145018. What is the hundreds digit of h?
3
Suppose 22*o - 28097 = 21975. What is the tens digit of (o/6)/(110/(-15) + 8)?
6
Let u(v) = v**2 + 7*v + 4. Let q be u(-7). Suppose -q*m - y + 353 + 108 = 0, -3 = -3*y. Suppose 563 = 5*j + h, j = 2*h - 3*h + m. What is the tens digit of j?
1
Suppose -27*n + 4*h = -29*n + 19460, -n + h = -9730. What is the tens digit of n?
3
Suppose 131*i - 8339684 = 1184061 + 793029. What is the hundreds digit of i?
7
What is the hundreds digit of ((-183376)/365)/(2/18*6/(-20))?
0
Let t = 15731 + -7960. What is the hundreds digit of t?
7
Suppose 7*m - 364 = -7*m. Suppose -5*a = n - 6185, -a - m*n + 1237 = -30*n. What is the thousands digit of a?
1
Suppose 310*y - 53120 = 302*y. What is the thousands digit of y?
6
Suppose -97*r = 2*k - 92*r - 16435, 8210 = k + r. What is the hundreds digit of k?
2
Suppose b - 4*o = 17 + 3, -3*b + 93 = -o. Suppose -2*v - 24 = -b. Suppose 0 = v*s + 5*i - 988, s + 5*i + 1190 = 6*s. What is the hundreds digit of s?
2
Let o(t) = -16194*t + 920. What is the units digit of o(-2)?
8
Suppose 0 = 2*c - 4*f - 386, -12*c + 4*f - 418 = -14*c. Suppose 13452 = 11*t - 2124. Suppose -c = 5*r - t. What is the hundreds digit of r?
2
Suppose -5*g + 6737 = -4*c, 0 = 12*c - 11*c + 5*g + 1653. Let u = c + 2660. What is the hundreds digit of u?
9
Let m = -428 - -422. What is the units digit of 23625/50 + 3/m?
2
Let p = 5080 - 3721. What is the thousands digit of p?
1
Suppose -u + 282 = 5*u. Suppose -2*r + u - 5 = 0. What is the units digit of ((-90)/r)/((-2)/28)?
0
Let u(l) = 4*l - 5294. Let b be u(0). Let j be b/(-16) + (-2)/(-16). Suppose a - y = 5*a - j, 4*y + 170 = 2*a. What is the tens digit of a?
8
Suppose 3*m - 6 = 39. Let y be 3/m - (-7758)/10. Suppose -248 + y = 3*j. What is the hundreds digit of j?
1
Suppose 0 = -3*m + 15, r + 341*m - 346*m = 19822. What is the ten thousands digit of r?
1
Let v = 5714 - 2136. What is the thousands digit of v?
3
Let t(i) = 20*i - 125. Let